{"id":435,"date":"2021-11-22T16:31:19","date_gmt":"2021-11-22T16:31:19","guid":{"rendered":"https:\/\/www.kauneushoitolamerenneito.fi\/?page_id=435"},"modified":"2026-03-09T20:45:52","modified_gmt":"2026-03-09T20:45:52","slug":"manikyyrit","status":"publish","type":"page","link":"https:\/\/www.kauneushoitolamerenneito.fi\/index.php\/palvelut\/manikyyrit\/","title":{"rendered":"Manikyyrit"},"content":{"rendered":"\t\t<div data-elementor-type=\"wp-page\" data-elementor-id=\"435\" class=\"elementor elementor-435\">\n\t\t\t\t\t\t<section class=\"elementor-section elementor-top-section elementor-element elementor-element-ee25045 elementor-section-boxed elementor-section-height-default elementor-section-height-default\" data-id=\"ee25045\" data-element_type=\"section\" data-e-type=\"section\">\n\t\t\t\t\t\t<div class=\"elementor-container elementor-column-gap-default\">\n\t\t\t\t\t<div class=\"elementor-column elementor-col-100 elementor-top-column elementor-element elementor-element-9fbd5b4\" data-id=\"9fbd5b4\" data-element_type=\"column\" data-e-type=\"column\">\n\t\t\t<div class=\"elementor-widget-wrap elementor-element-populated\">\n\t\t\t\t\t\t<div class=\"elementor-element elementor-element-9b5e81a elementor-widget elementor-widget-heading\" data-id=\"9b5e81a\" data-element_type=\"widget\" data-e-type=\"widget\" data-widget_type=\"heading.default\">\n\t\t\t\t\t<h2 class=\"elementor-heading-title elementor-size-default\">manikyyrit<\/h2>\t\t\t\t<\/div>\n\t\t\t\t<div class=\"elementor-element elementor-element-6f619ad elementor-widget-divider--view-line elementor-widget elementor-widget-divider\" data-id=\"6f619ad\" data-element_type=\"widget\" data-e-type=\"widget\" data-widget_type=\"divider.default\">\n\t\t\t\t\t\t\t<div class=\"elementor-divider\">\n\t\t\t<span class=\"elementor-divider-separator\">\n\t\t\t\t\t\t<\/span>\n\t\t<\/div>\n\t\t\t\t\t\t<\/div>\n\t\t\t\t\t<\/div>\n\t\t<\/div>\n\t\t\t\t\t<\/div>\n\t\t<\/section>\n\t\t\t\t<section class=\"elementor-section elementor-top-section elementor-element elementor-element-7c55c51 elementor-section-boxed elementor-section-height-default elementor-section-height-default\" data-id=\"7c55c51\" data-element_type=\"section\" data-e-type=\"section\">\n\t\t\t\t\t\t<div class=\"elementor-container elementor-column-gap-default\">\n\t\t\t\t\t<div class=\"elementor-column elementor-col-50 elementor-top-column elementor-element elementor-element-4047400\" data-id=\"4047400\" data-element_type=\"column\" data-e-type=\"column\">\n\t\t\t<div class=\"elementor-widget-wrap elementor-element-populated\">\n\t\t\t\t\t\t<div class=\"elementor-element elementor-element-30bfd09 elementor-widget elementor-widget-text-editor\" data-id=\"30bfd09\" data-element_type=\"widget\" data-e-type=\"widget\" data-widget_type=\"text-editor.default\">\n\t\t\t\t\t\t\t\t\t<p><strong>Kauniit hyvinhoidetut k\u00e4det ovat k\u00e4yntikorttisi.<\/strong><\/p>\n<p><strong><br>\n<\/strong><\/p>\n<p><strong>PIKAMANIKYYRI<\/strong><span style=\"font-weight: 400;\"> on nimens\u00e4 mukaan pikahoito. Hoidossa viilataan,&nbsp;<\/span><span style=\"background-color: var(--nv-site-bg); color: var( --e-global-color-text ); font-family: var( --e-global-typography-text-font-family ), Sans-serif; font-weight: var( --e-global-typography-text-font-weight );\">muotoillaan ja kiilotetaan kynnet, ja lopuksi pikamanikyyri viimeistell\u00e4\u00e4n&nbsp; kynsinauha\u00f6ljyll\u00e4 ja k\u00e4sivoiteella.<\/span><\/p>\n<p><b>PERUSMANIKYYRI <\/b>sis\u00e4lt\u00e4\u00e4 kynsien viilauksen ja muotoilun, kynsinauhojen siistimisen sek\u00e4 kynsien lakkauksen. <br>Lakkauksen yhteydess\u00e4 saa valitsemansa lakan mukaan.<\/p>\n<div><b>SPA MANIKYYRI <\/b>sis\u00e4lt\u00e4\u00e4 k\u00e4sien kuorinnan, kynsien viilauksen ja muotoilun, kynsinauhojen siistimisen,<span style=\"color: var( --e-global-color-text ); font-family: var( --e-global-typography-text-font-family ), Sans-serif; background-color: var(--nv-site-bg);\">&nbsp;<\/span><span style=\"color: var( --e-global-color-text ); font-family: var( --e-global-typography-text-font-family ), Sans-serif; font-weight: var( --e-global-typography-text-font-weight ); background-color: var(--nv-site-bg);\">l\u00e4mmitt\u00e4v\u00e4n ja tehokosteuttavan parafiininaamion sek\u00e4 rentouttavan hieronnan.<\/span><br><span style=\"color: var( --e-global-color-text ); font-family: var( --e-global-typography-text-font-family ), Sans-serif; font-weight: var( --e-global-typography-text-font-weight ); background-color: var(--nv-site-bg);\"><br><\/span><\/div>\n<div>\n<p><strong>Geelilakkaus&nbsp;<\/strong>on pitk\u00e4kestoinen, kest\u00e4v\u00e4 ja helppo vaihtoehto perinteiselle kynsilakalle. Geelilakkauksella saadaan kauniit ja kest\u00e4v\u00e4t kynnet.<br><span style=\"color: var( --e-global-color-text ); font-family: var( --e-global-typography-text-font-family ), Sans-serif; font-weight: var( --e-global-typography-text-font-weight ); background-color: var(--nv-site-bg);\">Geelilakka kovetetaan led-lampulla ja lakkaus<\/span><span style=\"color: var( --e-global-color-text ); font-family: var( --e-global-typography-text-font-family ), Sans-serif; font-weight: var( --e-global-typography-text-font-weight ); background-color: var(--nv-site-bg);\">&nbsp;kest\u00e4\u00e4 sormenkynsiss\u00e4 noin 2-3 viikkoa lohkeilematta ja haalistumatta ja varpaankynsiss\u00e4 huomaamattomasti pidemp\u00e4\u00e4n.&nbsp;<br><\/span><span style=\"color: var( --e-global-color-text ); font-family: var( --e-global-typography-text-font-family ), Sans-serif; font-weight: var( --e-global-typography-text-font-weight ); background-color: var(--nv-site-bg);\">Omaan kynteen ei siis voi tehd\u00e4 lis\u00e4\u00e4 pituutta geelilakkauksella. Lakkaus tehd\u00e4\u00e4n vain terveisiin kynsiin.&nbsp;<br>Ik\u00e4raja geelilakkaukseen on 16 vuotta.<\/span><\/p>\n<\/div>\n<div><b>PARAFIINIHOIDOSSA&nbsp;<\/b><span style=\"font-weight: 400;\">k\u00e4det kastetaan steariinimaiseen l\u00e4mpim\u00e4\u00e4n parafiiniin, jonka j\u00e4lkeen k\u00e4det paketoidaan ja annetaan vaikuttaa.<br>L\u00e4mmin parafiini k\u00e4siss\u00e4 tuntuu mukavalta ja rentouttaa. Kosteuttaa ihoa tehokkaasti ja auttaa k\u00e4sien nivelkipuihin. Hoidon j\u00e4lkeen iho on silkinpehme\u00e4 ja persikkaisen tuoksuinen.&nbsp;<\/span><\/div>\n<div>&nbsp;<\/div>\n<div><span style=\"font-weight: 400;\">* Parafiinihoito on mahdollista <strong>VAIN<\/strong> muiden hoitojen yhteydess\u00e4.<br><\/span><span style=\"color: var( --e-global-color-text ); font-family: var( --e-global-typography-text-font-family ), Sans-serif; background-color: var(--nv-site-bg);\">* Kasvo- ja jalkahoitojen yhteydess\u00e4 parafiinia voi halutessaan pit\u00e4\u00e4 koko hoitoajan.&nbsp;<br><\/span><span style=\"background-color: var(--nv-site-bg); color: var( --e-global-color-text ); font-family: var( --e-global-typography-text-font-family ), Sans-serif; font-weight: var( --e-global-typography-text-font-weight );\">* Parafiini pysyy jopa 1,5 h l\u00e4mpim\u00e4n\u00e4, kun k\u00e4det peittelee hyvin.<\/span><\/div>\t\t\t\t\t\t\t\t<\/div>\n\t\t\t\t\t<\/div>\n\t\t<\/div>\n\t\t\t\t<div class=\"elementor-column elementor-col-50 elementor-top-column elementor-element elementor-element-08c2d19\" data-id=\"08c2d19\" data-element_type=\"column\" data-e-type=\"column\">\n\t\t\t<div class=\"elementor-widget-wrap elementor-element-populated\">\n\t\t\t\t\t\t<div class=\"elementor-element elementor-element-ff60c45 elementor-widget elementor-widget-image\" data-id=\"ff60c45\" data-element_type=\"widget\" data-e-type=\"widget\" data-widget_type=\"image.default\">\n\t\t\t\t\t\t\t\t\t\t\t\t\t\t\t<img fetchpriority=\"high\" decoding=\"async\" width=\"650\" height=\"1024\" src=\"https:\/\/www.kauneushoitolamerenneito.fi\/wp-content\/uploads\/2025\/09\/kynnet-e1756708564583-650x1024.png\" class=\"attachment-large size-large wp-image-2646\" alt=\"\" srcset=\"https:\/\/www.kauneushoitolamerenneito.fi\/wp-content\/uploads\/2025\/09\/kynnet-e1756708564583-650x1024.png 650w, https:\/\/www.kauneushoitolamerenneito.fi\/wp-content\/uploads\/2025\/09\/kynnet-e1756708564583-190x300.png 190w, https:\/\/www.kauneushoitolamerenneito.fi\/wp-content\/uploads\/2025\/09\/kynnet-e1756708564583-768x1210.png 768w, https:\/\/www.kauneushoitolamerenneito.fi\/wp-content\/uploads\/2025\/09\/kynnet-e1756708564583-975x1536.png 975w, https:\/\/www.kauneushoitolamerenneito.fi\/wp-content\/uploads\/2025\/09\/kynnet-e1756708564583.png 1080w\" sizes=\"(max-width: 650px) 100vw, 650px\" \/>\t\t\t\t\t\t\t\t\t\t\t\t\t\t\t<\/div>\n\t\t\t\t\t<\/div>\n\t\t<\/div>\n\t\t\t\t\t<\/div>\n\t\t<\/section>\n\t\t\t\t<section class=\"elementor-section elementor-top-section elementor-element elementor-element-8adc450 elementor-section-boxed elementor-section-height-default elementor-section-height-default\" data-id=\"8adc450\" data-element_type=\"section\" data-e-type=\"section\">\n\t\t\t\t\t\t<div class=\"elementor-container elementor-column-gap-default\">\n\t\t\t\t\t<div class=\"elementor-column elementor-col-100 elementor-top-column elementor-element elementor-element-fc6dcc0\" data-id=\"fc6dcc0\" data-element_type=\"column\" data-e-type=\"column\">\n\t\t\t<div class=\"elementor-widget-wrap elementor-element-populated\">\n\t\t\t\t\t\t<div class=\"elementor-element elementor-element-fdffd4d elementor-align-center elementor-widget elementor-widget-button\" data-id=\"fdffd4d\" data-element_type=\"widget\" data-e-type=\"widget\" data-widget_type=\"button.default\">\n\t\t\t\t\t\t\t\t\t\t<a class=\"elementor-button elementor-button-link elementor-size-xl\" href=\"https:\/\/www.kauneushoitolamerenneito.fi\/index.php\/ajanvaraus\/\">\n\t\t\t\t\t\t<span class=\"elementor-button-content-wrapper\">\n\t\t\t\t\t\t<span class=\"elementor-button-icon\">\n\t\t\t\t<svg aria-hidden=\"true\" class=\"e-font-icon-svg e-far-calendar-check\" viewBox=\"0 0 448 512\" xmlns=\"http:\/\/www.w3.org\/2000\/svg\"><path d=\"M400 64h-48V12c0-6.627-5.373-12-12-12h-40c-6.627 0-12 5.373-12 12v52H160V12c0-6.627-5.373-12-12-12h-40c-6.627 0-12 5.373-12 12v52H48C21.49 64 0 85.49 0 112v352c0 26.51 21.49 48 48 48h352c26.51 0 48-21.49 48-48V112c0-26.51-21.49-48-48-48zm-6 400H54a6 6 0 0 1-6-6V160h352v298a6 6 0 0 1-6 6zm-52.849-200.65L198.842 404.519c-4.705 4.667-12.303 4.637-16.971-.068l-75.091-75.699c-4.667-4.705-4.637-12.303.068-16.971l22.719-22.536c4.705-4.667 12.303-4.637 16.97.069l44.104 44.461 111.072-110.181c4.705-4.667 12.303-4.637 16.971.068l22.536 22.718c4.667 4.705 4.636 12.303-.069 16.97z\"><\/path><\/svg>\t\t\t<\/span>\n\t\t\t\t\t\t\t\t\t<span class=\"elementor-button-text\">varaa oma aikasi<\/span>\n\t\t\t\t\t<\/span>\n\t\t\t\t\t<\/a>\n\t\t\t\t\t\t\t\t<\/div>\n\t\t\t\t\t<\/div>\n\t\t<\/div>\n\t\t\t\t\t<\/div>\n\t\t<\/section>\n\t\t\t\t<\/div>\n\t\t","protected":false},"excerpt":{"rendered":"<p>manikyyrit Kauniit hyvinhoidetut k\u00e4det ovat k\u00e4yntikorttisi. PIKAMANIKYYRI on nimens\u00e4 mukaan pikahoito. Hoidossa viilataan,&nbsp;muotoillaan ja kiilotetaan kynnet, ja lopuksi pikamanikyyri viimeistell\u00e4\u00e4n&nbsp; kynsinauha\u00f6ljyll\u00e4 ja k\u00e4sivoiteella. PERUSMANIKYYRI sis\u00e4lt\u00e4\u00e4 kynsien viilauksen ja muotoilun, kynsinauhojen siistimisen sek\u00e4 kynsien lakkauksen. Lakkauksen yhteydess\u00e4 saa valitsemansa lakan mukaan. SPA MANIKYYRI sis\u00e4lt\u00e4\u00e4 k\u00e4sien kuorinnan, kynsien viilauksen ja muotoilun, kynsinauhojen siistimisen,&nbsp;l\u00e4mmitt\u00e4v\u00e4n ja tehokosteuttavan parafiininaamion sek\u00e4&hellip;&nbsp;<a href=\"https:\/\/www.kauneushoitolamerenneito.fi\/index.php\/palvelut\/manikyyrit\/\" rel=\"bookmark\">Lue lis\u00e4\u00e4 &raquo;<span class=\"screen-reader-text\">Manikyyrit<\/span><\/a><\/p>\n","protected":false},"author":1,"featured_media":0,"parent":26,"menu_order":0,"comment_status":"closed","ping_status":"closed","template":"page-templates\/template-pagebuilder-full-width.php","meta":{"neve_meta_sidebar":"full-width","neve_meta_container":"","neve_meta_enable_content_width":"on","neve_meta_content_width":100,"neve_meta_title_alignment":"","neve_meta_author_avatar":"","neve_post_elements_order":"","neve_meta_disable_header":"","neve_meta_disable_footer":"","neve_meta_disable_title":"","footnotes":""},"class_list":["post-435","page","type-page","status-publish","hentry"],"_links":{"self":[{"href":"https:\/\/www.kauneushoitolamerenneito.fi\/index.php\/wp-json\/wp\/v2\/pages\/435","targetHints":{"allow":["GET"]}}],"collection":[{"href":"https:\/\/www.kauneushoitolamerenneito.fi\/index.php\/wp-json\/wp\/v2\/pages"}],"about":[{"href":"https:\/\/www.kauneushoitolamerenneito.fi\/index.php\/wp-json\/wp\/v2\/types\/page"}],"author":[{"embeddable":true,"href":"https:\/\/www.kauneushoitolamerenneito.fi\/index.php\/wp-json\/wp\/v2\/users\/1"}],"replies":[{"embeddable":true,"href":"https:\/\/www.kauneushoitolamerenneito.fi\/index.php\/wp-json\/wp\/v2\/comments?post=435"}],"version-history":[{"count":82,"href":"https:\/\/www.kauneushoitolamerenneito.fi\/index.php\/wp-json\/wp\/v2\/pages\/435\/revisions"}],"predecessor-version":[{"id":2741,"href":"https:\/\/www.kauneushoitolamerenneito.fi\/index.php\/wp-json\/wp\/v2\/pages\/435\/revisions\/2741"}],"up":[{"embeddable":true,"href":"https:\/\/www.kauneushoitolamerenneito.fi\/index.php\/wp-json\/wp\/v2\/pages\/26"}],"wp:attachment":[{"href":"https:\/\/www.kauneushoitolamerenneito.fi\/index.php\/wp-json\/wp\/v2\/media?parent=435"}],"curies":[{"name":"wp","href":"https:\/\/api.w.org\/{rel}","templated":true}]}}