{"id":1991,"date":"2024-11-14T10:59:33","date_gmt":"2024-11-14T10:59:33","guid":{"rendered":"https:\/\/www.kauneushoitolamerenneito.fi\/?page_id=1991"},"modified":"2024-11-14T11:03:07","modified_gmt":"2024-11-14T11:03:07","slug":"uv-led-ripsienpidennys","status":"publish","type":"page","link":"https:\/\/www.kauneushoitolamerenneito.fi\/index.php\/palvelut\/uv-led-ripsienpidennys\/","title":{"rendered":"UV-LED ripsienpidennys"},"content":{"rendered":"\t\t<div data-elementor-type=\"wp-page\" data-elementor-id=\"1991\" class=\"elementor elementor-1991\">\n\t\t\t\t\t\t<section class=\"elementor-section elementor-top-section elementor-element elementor-element-fc93447 elementor-section-boxed elementor-section-height-default elementor-section-height-default\" data-id=\"fc93447\" data-element_type=\"section\" data-e-type=\"section\">\n\t\t\t\t\t\t<div class=\"elementor-container elementor-column-gap-default\">\n\t\t\t\t\t<div class=\"elementor-column elementor-col-100 elementor-top-column elementor-element elementor-element-eef5fea\" data-id=\"eef5fea\" data-element_type=\"column\" data-e-type=\"column\">\n\t\t\t<div class=\"elementor-widget-wrap elementor-element-populated\">\n\t\t\t\t\t\t<div class=\"elementor-element elementor-element-5bbdd3e elementor-widget elementor-widget-heading\" data-id=\"5bbdd3e\" data-element_type=\"widget\" data-e-type=\"widget\" data-widget_type=\"heading.default\">\n\t\t\t\t\t<h2 class=\"elementor-heading-title elementor-size-default\">UV-led ripsienpidennys<\/h2>\t\t\t\t<\/div>\n\t\t\t\t<div class=\"elementor-element elementor-element-a7a1ac2 elementor-widget-divider--view-line elementor-widget elementor-widget-divider\" data-id=\"a7a1ac2\" data-element_type=\"widget\" data-e-type=\"widget\" data-widget_type=\"divider.default\">\n\t\t\t\t\t\t\t<div class=\"elementor-divider\">\n\t\t\t<span class=\"elementor-divider-separator\">\n\t\t\t\t\t\t<\/span>\n\t\t<\/div>\n\t\t\t\t\t\t<\/div>\n\t\t\t\t\t<\/div>\n\t\t<\/div>\n\t\t\t\t\t<\/div>\n\t\t<\/section>\n\t\t\t\t<section class=\"elementor-section elementor-top-section elementor-element elementor-element-9113f6d elementor-section-boxed elementor-section-height-default elementor-section-height-default\" data-id=\"9113f6d\" data-element_type=\"section\" data-e-type=\"section\">\n\t\t\t\t\t\t<div class=\"elementor-container elementor-column-gap-default\">\n\t\t\t\t\t<div class=\"elementor-column elementor-col-100 elementor-top-column elementor-element elementor-element-13ebce7\" data-id=\"13ebce7\" data-element_type=\"column\" data-e-type=\"column\">\n\t\t\t<div class=\"elementor-widget-wrap elementor-element-populated\">\n\t\t\t\t\t\t<div class=\"elementor-element elementor-element-ba474e2 elementor-widget elementor-widget-text-editor\" data-id=\"ba474e2\" data-element_type=\"widget\" data-e-type=\"widget\" data-widget_type=\"text-editor.default\">\n\t\t\t\t\t\t\t\t\t<p><b>MIK\u00c4?<\/b><br \/>T\u00e4m\u00e4 on ihan uudenlainen tapa kiinnitt\u00e4\u00e4 ripsienpidennykset asiakkaan omiin ripsiin. T\u00e4ysin uusi tekniikka t\u00e4m\u00e4 ei ole. Maailmalta l\u00f6ytyy vanhimmat kirjoitukset tekniikasta muutaman vuoden takaa (vs. 2024).<\/p><p><b>AURAMONACO <\/b><br \/>Saksaan rekister\u00f6ity yritys (y-tunnus\/VAT ID: DE314576090). Auramonaco on yritys, josta tilaan k\u00e4ytt\u00e4m\u00e4ni liimat ja lamput UV-Led ripsienpidennyksiin. www.auramonaco.de<\/p><p><b>LIIMA<\/b><br \/>Liima on akrylaattia, kuten my\u00f6s liima, jota k\u00e4ytet\u00e4\u00e4n niin sanotusti perinteisesti tehdyiss\u00e4 ripsienpidennyksiss\u00e4. <br \/>INKI: Ethyl cyanoacrylate, Sodium stearate, Photoinitiator<\/p><p><b>LIIMAN KOVETTAVA UV-LED VALO<\/b><br \/>Ultraviolettis\u00e4teilyn aallonpituus on 100-400nm ja se on ihmissilm\u00e4lle n\u00e4kym\u00e4t\u00f6nt\u00e4 elektromagneettista s\u00e4teily\u00e4 ja hoidossa k\u00e4ytett\u00e4v\u00e4n UV-valon aallonpituus on 395 nm. Mit\u00e4 pienempi lukema on, niin sit\u00e4 haitallisempaa se on iholle eli sit\u00e4 korkeampi on Ultravioletin aiheuttama rasitus ihmiselle. Esimerkiksi UV-B, joka aiheuttaa ihon palamisen on aallon pituudelta 280\u2013315 nm. Esimerkki 2. Tavallinen ikkunalasi suodattaa UV-B -s\u00e4teilyn, mutta ei UV-A-s\u00e4teily\u00e4 (UV-A:n aallon pituus on 315-400nm).<\/p><p><b>KOTIHOITO<\/b><br \/>Valokovetteisella liimalla tehdyt ripset koti hoidetaan samoin kuin perinteisell\u00e4 ilmakovetteisella liimalla tehdyt ripset. P\u00e4ivitt\u00e4inen pesu ripsienpidennyksille tarkoitetulla puhdistusaineella pit\u00e4\u00e4 ripset puhtaina, pident\u00e4\u00e4 pysyvyytt\u00e4 ja ehk\u00e4isee silm\u00e4n alueen \u00e4rsytyksi\u00e4 ja infektioita. P\u00e4ivitt\u00e4inen harjaaminen pit\u00e4\u00e4 viuhkat kauniisti auki ja ehk\u00e4isee karheaa likaa ripsienpidennyksiss\u00e4. Kuivat pidennykset on helpompi harjata auki ja kauniiksi. Anna ripsien kuivua rauhassa suihkun j\u00e4lkeen ennen harjaamista.<\/p><p><b>PYSYVYYS<\/b><br \/>Oikein asennettuna kaikki ripsienpidennykset pysyv\u00e4t luonnonripsiss\u00e4, liimasta riippumatta. UV-Led tekniikalla liimaa kohta on 1\u20132 sekunnissa t\u00e4ysin kuiva ja saavuttanut maksimi kest\u00e4vyyden eli ripsisauma ei j\u00e4\u00e4 el\u00e4m\u00e4\u00e4n, kun asiakas poistuu ripsien laitosta. Sauma on t\u00e4ysin lian ja veden kest\u00e4v\u00e4 v\u00e4litt\u00f6m\u00e4sti. T\u00e4m\u00e4n ansioista ripset pysyv\u00e4t entist\u00e4kin paremmin.<\/p><p><span style=\"color: var( --e-global-color-text ); font-family: var( --e-global-typography-text-font-family ), Sans-serif; background-color: var(--nv-site-bg);\"><b>ONKO TURVALLISTA?<\/b><br \/><\/span><span style=\"color: var( --e-global-color-text ); font-family: var( --e-global-typography-text-font-family ), Sans-serif; font-weight: var( --e-global-typography-text-font-weight ); background-color: var(--nv-site-bg);\">Auramonacolla on kahden vuoden ajalta tutkimustietoa, ja he ovat luokitelleet tekniikan turvalliseksi HUOM! Oikein asennettuna.<\/span><\/p><p><span style=\"color: var( --e-global-color-text ); font-family: var( --e-global-typography-text-font-family ), Sans-serif; background-color: var(--nv-site-bg);\"><b>KENELLE SOPII?<\/b><br \/><\/span><span style=\"color: var( --e-global-color-text ); font-family: var( --e-global-typography-text-font-family ), Sans-serif; font-weight: var( --e-global-typography-text-font-weight ); background-color: var(--nv-site-bg);\">Tutkimusten valossa tekniikalla voidaan tehd\u00e4 ripsienpidennykset jopa 8\/10 asiakkaista, joille ei pystyt\u00e4 tekem\u00e4\u00e4n ilmakovetteisella liimalla.<\/span><\/p><p>Ripsien kontraindikaatioita:<br \/>\u2022 Raskaus ja imetys \u2013 vain l\u00e4\u00e4k\u00e4rin luvalla<br \/>\u2022 hiertym\u00e4t, keloidi \u2013 tai parantumattomat arvet, herpes, psoriaasi, muut tarttuvat tai tulehdukselliset ihosairaudet, sieni-infektiot, haavat, auringonpolttama, neurodermatiitti, ihosy\u00f6p\u00e4 silmien alueella.<br \/>\u2022 Kilpirauhasen sairaus, epilepsia, polymorfinen kevyt dermatoosi, valoherkkyys, s\u00e4teily tai kemoterapia, hemofilia. Jos hoitoalueella on tehty IPL- tai laserhoito viimeisten 21 p\u00e4iv\u00e4n aikana tai jos hoitoalueella on suoritettu kirurgisia toimenpiteit\u00e4 viimeisten 3 kuukauden aikana.<br \/>\u2022 Sy\u00f6t valoherkist\u00e4vi\u00e4 l\u00e4\u00e4kkeit\u00e4, kuten neuroleptej\u00e4, systeemisi\u00e4 dermatiikkal\u00e4\u00e4kkeit\u00e4, epilepsial\u00e4\u00e4kkeit\u00e4, antihistamiineja, sytotoksisia aineita, psykoosil\u00e4\u00e4kkeit\u00e4, ei-steroidisia tulehduskipul\u00e4\u00e4kkeit\u00e4, valoherkist\u00e4vi\u00e4 aineita (PDT), A-vitamiinijohdannaisia (retinoideja) tai k\u00e4rsii lupus erythematosuksesta, valoherk\u00e4st\u00e4 ekseemasta hoitoalueella tai albinismista.<\/p><p><span style=\"color: var( --e-global-color-text ); font-family: var( --e-global-typography-text-font-family ), Sans-serif; background-color: var(--nv-site-bg);\"><b>ALLERGISOITUMINEN<\/b><br \/><\/span><span style=\"background-color: var(--nv-site-bg); color: var( --e-global-color-text ); font-family: var( --e-global-typography-text-font-family ), Sans-serif; font-weight: var( --e-global-typography-text-font-weight );\">Kaikelle voi allergisoitua tai herkisty\u00e4. Akrylaatit ovat \u00e4rsytt\u00e4vi\u00e4 nestem\u00e4isess\u00e4 muodossa, mutta kovettuessaan eiv\u00e4t en\u00e4\u00e4 allergisoi\/herkist\u00e4\/\u00e4rsyt\u00e4. Ilmakovetteisella liimalla, kun ty\u00f6skennell\u00e4\u00e4n 1\u20132 tuntia, niin allergeenit \u00e4rsytt\u00e4v\u00e4t silmi\u00e4 ja hengityselimi\u00e4 koko hoidon ajan, jonka vuoksi silmi\u00e4 voi kirvelt\u00e4\u00e4 tai ne vetist\u00e4v\u00e4t ja punoittavat. Kurkkuun pist\u00e4\u00e4, nen\u00e4 on tukossa tai \u00e4\u00e4ni k\u00e4he\u00e4n\u00e4. T\u00e4m\u00e4 voi olla normaalia reaktio, kun altistuu akrylaateille. Uv-Led tekniikalla liimasauma kovettuu hetkess\u00e4, jolloin altistuminen j\u00e4\u00e4 minimiin.<\/span><\/p>\t\t\t\t\t\t\t\t<\/div>\n\t\t\t\t\t<\/div>\n\t\t<\/div>\n\t\t\t\t\t<\/div>\n\t\t<\/section>\n\t\t\t\t<section class=\"elementor-section elementor-top-section elementor-element elementor-element-f5ebb41 elementor-section-boxed elementor-section-height-default elementor-section-height-default\" data-id=\"f5ebb41\" data-element_type=\"section\" data-e-type=\"section\">\n\t\t\t\t\t\t<div class=\"elementor-container elementor-column-gap-default\">\n\t\t\t\t\t<div class=\"elementor-column elementor-col-100 elementor-top-column elementor-element elementor-element-a033853\" data-id=\"a033853\" data-element_type=\"column\" data-e-type=\"column\">\n\t\t\t<div class=\"elementor-widget-wrap elementor-element-populated\">\n\t\t\t\t\t\t<div class=\"elementor-element elementor-element-6ce6d51 elementor-align-center elementor-widget elementor-widget-button\" data-id=\"6ce6d51\" data-element_type=\"widget\" data-e-type=\"widget\" data-widget_type=\"button.default\">\n\t\t\t\t\t\t\t\t\t\t<a class=\"elementor-button elementor-button-link elementor-size-xl\" href=\"https:\/\/www.kauneushoitolamerenneito.fi\/index.php\/ajanvaraus\/\">\n\t\t\t\t\t\t<span class=\"elementor-button-content-wrapper\">\n\t\t\t\t\t\t<span class=\"elementor-button-icon\">\n\t\t\t\t<svg aria-hidden=\"true\" class=\"e-font-icon-svg e-far-calendar-check\" viewBox=\"0 0 448 512\" xmlns=\"http:\/\/www.w3.org\/2000\/svg\"><path d=\"M400 64h-48V12c0-6.627-5.373-12-12-12h-40c-6.627 0-12 5.373-12 12v52H160V12c0-6.627-5.373-12-12-12h-40c-6.627 0-12 5.373-12 12v52H48C21.49 64 0 85.49 0 112v352c0 26.51 21.49 48 48 48h352c26.51 0 48-21.49 48-48V112c0-26.51-21.49-48-48-48zm-6 400H54a6 6 0 0 1-6-6V160h352v298a6 6 0 0 1-6 6zm-52.849-200.65L198.842 404.519c-4.705 4.667-12.303 4.637-16.971-.068l-75.091-75.699c-4.667-4.705-4.637-12.303.068-16.971l22.719-22.536c4.705-4.667 12.303-4.637 16.97.069l44.104 44.461 111.072-110.181c4.705-4.667 12.303-4.637 16.971.068l22.536 22.718c4.667 4.705 4.636 12.303-.069 16.97z\"><\/path><\/svg>\t\t\t<\/span>\n\t\t\t\t\t\t\t\t\t<span class=\"elementor-button-text\">varaa oma aikasi<\/span>\n\t\t\t\t\t<\/span>\n\t\t\t\t\t<\/a>\n\t\t\t\t\t\t\t\t<\/div>\n\t\t\t\t\t<\/div>\n\t\t<\/div>\n\t\t\t\t\t<\/div>\n\t\t<\/section>\n\t\t\t\t<\/div>\n\t\t","protected":false},"excerpt":{"rendered":"<p>UV-led ripsienpidennys MIK\u00c4?T\u00e4m\u00e4 on ihan uudenlainen tapa kiinnitt\u00e4\u00e4 ripsienpidennykset asiakkaan omiin ripsiin. T\u00e4ysin uusi tekniikka t\u00e4m\u00e4 ei ole. Maailmalta l\u00f6ytyy vanhimmat kirjoitukset tekniikasta muutaman vuoden takaa (vs. 2024). AURAMONACO Saksaan rekister\u00f6ity yritys (y-tunnus\/VAT ID: DE314576090). Auramonaco on yritys, josta tilaan k\u00e4ytt\u00e4m\u00e4ni liimat ja lamput UV-Led ripsienpidennyksiin. www.auramonaco.de LIIMALiima on akrylaattia, kuten my\u00f6s liima, jota k\u00e4ytet\u00e4\u00e4n&hellip;&nbsp;<a href=\"https:\/\/www.kauneushoitolamerenneito.fi\/index.php\/palvelut\/uv-led-ripsienpidennys\/\" rel=\"bookmark\">Lue lis\u00e4\u00e4 &raquo;<span class=\"screen-reader-text\">UV-LED ripsienpidennys<\/span><\/a><\/p>\n","protected":false},"author":1,"featured_media":0,"parent":26,"menu_order":0,"comment_status":"closed","ping_status":"closed","template":"page-templates\/template-pagebuilder-full-width.php","meta":{"neve_meta_sidebar":"","neve_meta_container":"","neve_meta_enable_content_width":"","neve_meta_content_width":0,"neve_meta_title_alignment":"","neve_meta_author_avatar":"","neve_post_elements_order":"","neve_meta_disable_header":"","neve_meta_disable_footer":"","neve_meta_disable_title":"","footnotes":""},"class_list":["post-1991","page","type-page","status-publish","hentry"],"_links":{"self":[{"href":"https:\/\/www.kauneushoitolamerenneito.fi\/index.php\/wp-json\/wp\/v2\/pages\/1991","targetHints":{"allow":["GET"]}}],"collection":[{"href":"https:\/\/www.kauneushoitolamerenneito.fi\/index.php\/wp-json\/wp\/v2\/pages"}],"about":[{"href":"https:\/\/www.kauneushoitolamerenneito.fi\/index.php\/wp-json\/wp\/v2\/types\/page"}],"author":[{"embeddable":true,"href":"https:\/\/www.kauneushoitolamerenneito.fi\/index.php\/wp-json\/wp\/v2\/users\/1"}],"replies":[{"embeddable":true,"href":"https:\/\/www.kauneushoitolamerenneito.fi\/index.php\/wp-json\/wp\/v2\/comments?post=1991"}],"version-history":[{"count":7,"href":"https:\/\/www.kauneushoitolamerenneito.fi\/index.php\/wp-json\/wp\/v2\/pages\/1991\/revisions"}],"predecessor-version":[{"id":1998,"href":"https:\/\/www.kauneushoitolamerenneito.fi\/index.php\/wp-json\/wp\/v2\/pages\/1991\/revisions\/1998"}],"up":[{"embeddable":true,"href":"https:\/\/www.kauneushoitolamerenneito.fi\/index.php\/wp-json\/wp\/v2\/pages\/26"}],"wp:attachment":[{"href":"https:\/\/www.kauneushoitolamerenneito.fi\/index.php\/wp-json\/wp\/v2\/media?parent=1991"}],"curies":[{"name":"wp","href":"https:\/\/api.w.org\/{rel}","templated":true}]}}