{"id":1127,"date":"2023-07-01T07:37:23","date_gmt":"2023-07-01T07:37:23","guid":{"rendered":"https:\/\/www.kauneushoitolamerenneito.fi\/?page_id=1127"},"modified":"2025-09-10T02:01:21","modified_gmt":"2025-09-10T02:01:21","slug":"ripsien-kestotaivutus","status":"publish","type":"page","link":"https:\/\/www.kauneushoitolamerenneito.fi\/index.php\/palvelut\/ripsien-kestotaivutus\/","title":{"rendered":"Ripsien kestotaivutus ja kulmien laminointi"},"content":{"rendered":"\t\t<div data-elementor-type=\"wp-page\" data-elementor-id=\"1127\" class=\"elementor elementor-1127\">\n\t\t\t\t\t\t<section class=\"elementor-section elementor-top-section elementor-element elementor-element-fc93447 elementor-section-boxed elementor-section-height-default elementor-section-height-default\" data-id=\"fc93447\" data-element_type=\"section\" data-e-type=\"section\">\n\t\t\t\t\t\t<div class=\"elementor-container elementor-column-gap-default\">\n\t\t\t\t\t<div class=\"elementor-column elementor-col-100 elementor-top-column elementor-element elementor-element-eef5fea\" data-id=\"eef5fea\" data-element_type=\"column\" data-e-type=\"column\">\n\t\t\t<div class=\"elementor-widget-wrap elementor-element-populated\">\n\t\t\t\t\t\t<div class=\"elementor-element elementor-element-5bbdd3e elementor-widget elementor-widget-heading\" data-id=\"5bbdd3e\" data-element_type=\"widget\" data-e-type=\"widget\" data-widget_type=\"heading.default\">\n\t\t\t\t\t<h2 class=\"elementor-heading-title elementor-size-default\">Ripsien kestotaivutus ja kulmien laminointi<\/h2>\t\t\t\t<\/div>\n\t\t\t\t<div class=\"elementor-element elementor-element-a7a1ac2 elementor-widget-divider--view-line elementor-widget elementor-widget-divider\" data-id=\"a7a1ac2\" data-element_type=\"widget\" data-e-type=\"widget\" data-widget_type=\"divider.default\">\n\t\t\t\t\t\t\t<div class=\"elementor-divider\">\n\t\t\t<span class=\"elementor-divider-separator\">\n\t\t\t\t\t\t<\/span>\n\t\t<\/div>\n\t\t\t\t\t\t<\/div>\n\t\t\t\t\t<\/div>\n\t\t<\/div>\n\t\t\t\t\t<\/div>\n\t\t<\/section>\n\t\t\t\t<section class=\"elementor-section elementor-top-section elementor-element elementor-element-9113f6d elementor-section-boxed elementor-section-height-default elementor-section-height-default\" data-id=\"9113f6d\" data-element_type=\"section\" data-e-type=\"section\">\n\t\t\t\t\t\t<div class=\"elementor-container elementor-column-gap-default\">\n\t\t\t\t\t<div class=\"elementor-column elementor-col-50 elementor-top-column elementor-element elementor-element-13ebce7\" data-id=\"13ebce7\" data-element_type=\"column\" data-e-type=\"column\">\n\t\t\t<div class=\"elementor-widget-wrap elementor-element-populated\">\n\t\t\t\t\t\t<div class=\"elementor-element elementor-element-ba474e2 elementor-widget elementor-widget-text-editor\" data-id=\"ba474e2\" data-element_type=\"widget\" data-e-type=\"widget\" data-widget_type=\"text-editor.default\">\n\t\t\t\t\t\t\t\t\t<p><b>RIPSIEN KESTOTAIVUTUS\/LASH LIFT\/RIPSIPERMANENTTI<br \/><\/b><span style=\"font-weight: 400;\">Ripsien kestotaivutus kest\u00e4\u00e4 4\u20136 viikkoa ripsiss\u00e4. Hoidossa ripsiin tehd\u00e4\u00e4n rakennek\u00e4sittely eli muotoillaan ripsi C muotoiselle kaarelle. Pakettiin kuulu my\u00f6s ripsien- ja kulmien kestov\u00e4rj\u00e4ys. V\u00e4rj\u00e4yksell\u00e4 saadaan ripset paremmin esille ja katseeseen intensiivisyytt\u00e4. K\u00e4sittelyn voi uusia noin kahden kuukauden j\u00e4lkeen. K\u00e4sittelyn j\u00e4lkeen ripsi\u00e4 ei saisi hangata tai kastella noin 48 tuntiin, jotta taivutus ei suoristu.<\/span>\u00a0<\/p><p><b>KULMIEN LAMINOINTI\/BROWN LIFT<\/b><span style=\"font-weight: 400;\"> <br \/>Kulmien laminointi tehd\u00e4\u00e4n samoilla aineilla kuin ripsipermanenttikin. Hoidossa kulmakarvat rakennek\u00e4sitell\u00e4\u00e4n haluttuun muotoon ja lopuksi kulmat v\u00e4rj\u00e4t\u00e4\u00e4n. Kulmien laminointi kest\u00e4\u00e4 noin 3\u20136 viikkoa, uusinta k\u00e4sittely\u00e4 ei suositella kolmeen kuukauteen.\u00a0\u00a0<\/span><\/p>\t\t\t\t\t\t\t\t<\/div>\n\t\t\t\t\t<\/div>\n\t\t<\/div>\n\t\t\t\t<div class=\"elementor-column elementor-col-50 elementor-top-column elementor-element elementor-element-35fa24a\" data-id=\"35fa24a\" data-element_type=\"column\" data-e-type=\"column\">\n\t\t\t<div class=\"elementor-widget-wrap elementor-element-populated\">\n\t\t\t\t\t\t<div class=\"elementor-element elementor-element-522bc9a elementor-widget elementor-widget-image\" data-id=\"522bc9a\" data-element_type=\"widget\" data-e-type=\"widget\" data-widget_type=\"image.default\">\n\t\t\t\t\t\t\t\t\t\t\t\t\t\t\t<img fetchpriority=\"high\" decoding=\"async\" width=\"989\" height=\"1024\" src=\"https:\/\/www.kauneushoitolamerenneito.fi\/wp-content\/uploads\/2025\/09\/laminointi-5-e1757469675977-989x1024.jpg\" class=\"attachment-large size-large wp-image-2669\" alt=\"\" srcset=\"https:\/\/www.kauneushoitolamerenneito.fi\/wp-content\/uploads\/2025\/09\/laminointi-5-e1757469675977-989x1024.jpg 989w, https:\/\/www.kauneushoitolamerenneito.fi\/wp-content\/uploads\/2025\/09\/laminointi-5-e1757469675977-290x300.jpg 290w, https:\/\/www.kauneushoitolamerenneito.fi\/wp-content\/uploads\/2025\/09\/laminointi-5-e1757469675977-768x795.jpg 768w, https:\/\/www.kauneushoitolamerenneito.fi\/wp-content\/uploads\/2025\/09\/laminointi-5-e1757469675977.jpg 1318w\" sizes=\"(max-width: 989px) 100vw, 989px\" \/>\t\t\t\t\t\t\t\t\t\t\t\t\t\t\t<\/div>\n\t\t\t\t\t<\/div>\n\t\t<\/div>\n\t\t\t\t\t<\/div>\n\t\t<\/section>\n\t\t\t\t<section class=\"elementor-section elementor-top-section elementor-element elementor-element-f5ebb41 elementor-section-boxed elementor-section-height-default elementor-section-height-default\" data-id=\"f5ebb41\" data-element_type=\"section\" data-e-type=\"section\">\n\t\t\t\t\t\t<div class=\"elementor-container elementor-column-gap-default\">\n\t\t\t\t\t<div class=\"elementor-column elementor-col-100 elementor-top-column elementor-element elementor-element-a033853\" data-id=\"a033853\" data-element_type=\"column\" data-e-type=\"column\">\n\t\t\t<div class=\"elementor-widget-wrap elementor-element-populated\">\n\t\t\t\t\t\t<div class=\"elementor-element elementor-element-6ce6d51 elementor-align-center elementor-widget elementor-widget-button\" data-id=\"6ce6d51\" data-element_type=\"widget\" data-e-type=\"widget\" data-widget_type=\"button.default\">\n\t\t\t\t\t\t\t\t\t\t<a class=\"elementor-button elementor-button-link elementor-size-xl\" href=\"https:\/\/www.kauneushoitolamerenneito.fi\/index.php\/ajanvaraus\/\">\n\t\t\t\t\t\t<span class=\"elementor-button-content-wrapper\">\n\t\t\t\t\t\t<span class=\"elementor-button-icon\">\n\t\t\t\t<svg aria-hidden=\"true\" class=\"e-font-icon-svg e-far-calendar-check\" viewBox=\"0 0 448 512\" xmlns=\"http:\/\/www.w3.org\/2000\/svg\"><path d=\"M400 64h-48V12c0-6.627-5.373-12-12-12h-40c-6.627 0-12 5.373-12 12v52H160V12c0-6.627-5.373-12-12-12h-40c-6.627 0-12 5.373-12 12v52H48C21.49 64 0 85.49 0 112v352c0 26.51 21.49 48 48 48h352c26.51 0 48-21.49 48-48V112c0-26.51-21.49-48-48-48zm-6 400H54a6 6 0 0 1-6-6V160h352v298a6 6 0 0 1-6 6zm-52.849-200.65L198.842 404.519c-4.705 4.667-12.303 4.637-16.971-.068l-75.091-75.699c-4.667-4.705-4.637-12.303.068-16.971l22.719-22.536c4.705-4.667 12.303-4.637 16.97.069l44.104 44.461 111.072-110.181c4.705-4.667 12.303-4.637 16.971.068l22.536 22.718c4.667 4.705 4.636 12.303-.069 16.97z\"><\/path><\/svg>\t\t\t<\/span>\n\t\t\t\t\t\t\t\t\t<span class=\"elementor-button-text\">varaa oma aikasi<\/span>\n\t\t\t\t\t<\/span>\n\t\t\t\t\t<\/a>\n\t\t\t\t\t\t\t\t<\/div>\n\t\t\t\t\t<\/div>\n\t\t<\/div>\n\t\t\t\t\t<\/div>\n\t\t<\/section>\n\t\t\t\t<\/div>\n\t\t","protected":false},"excerpt":{"rendered":"<p>Ripsien kestotaivutus ja kulmien laminointi RIPSIEN KESTOTAIVUTUS\/LASH LIFT\/RIPSIPERMANENTTIRipsien kestotaivutus kest\u00e4\u00e4 4\u20136 viikkoa ripsiss\u00e4. Hoidossa ripsiin tehd\u00e4\u00e4n rakennek\u00e4sittely eli muotoillaan ripsi C muotoiselle kaarelle. Pakettiin kuulu my\u00f6s ripsien- ja kulmien kestov\u00e4rj\u00e4ys. V\u00e4rj\u00e4yksell\u00e4 saadaan ripset paremmin esille ja katseeseen intensiivisyytt\u00e4. K\u00e4sittelyn voi uusia noin kahden kuukauden j\u00e4lkeen. K\u00e4sittelyn j\u00e4lkeen ripsi\u00e4 ei saisi hangata tai kastella noin 48&hellip;&nbsp;<a href=\"https:\/\/www.kauneushoitolamerenneito.fi\/index.php\/palvelut\/ripsien-kestotaivutus\/\" rel=\"bookmark\">Lue lis\u00e4\u00e4 &raquo;<span class=\"screen-reader-text\">Ripsien kestotaivutus ja kulmien laminointi<\/span><\/a><\/p>\n","protected":false},"author":1,"featured_media":0,"parent":26,"menu_order":0,"comment_status":"closed","ping_status":"closed","template":"page-templates\/template-pagebuilder-full-width.php","meta":{"neve_meta_sidebar":"","neve_meta_container":"","neve_meta_enable_content_width":"","neve_meta_content_width":0,"neve_meta_title_alignment":"","neve_meta_author_avatar":"","neve_post_elements_order":"","neve_meta_disable_header":"","neve_meta_disable_footer":"","neve_meta_disable_title":"","footnotes":""},"class_list":["post-1127","page","type-page","status-publish","hentry"],"_links":{"self":[{"href":"https:\/\/www.kauneushoitolamerenneito.fi\/index.php\/wp-json\/wp\/v2\/pages\/1127","targetHints":{"allow":["GET"]}}],"collection":[{"href":"https:\/\/www.kauneushoitolamerenneito.fi\/index.php\/wp-json\/wp\/v2\/pages"}],"about":[{"href":"https:\/\/www.kauneushoitolamerenneito.fi\/index.php\/wp-json\/wp\/v2\/types\/page"}],"author":[{"embeddable":true,"href":"https:\/\/www.kauneushoitolamerenneito.fi\/index.php\/wp-json\/wp\/v2\/users\/1"}],"replies":[{"embeddable":true,"href":"https:\/\/www.kauneushoitolamerenneito.fi\/index.php\/wp-json\/wp\/v2\/comments?post=1127"}],"version-history":[{"count":10,"href":"https:\/\/www.kauneushoitolamerenneito.fi\/index.php\/wp-json\/wp\/v2\/pages\/1127\/revisions"}],"predecessor-version":[{"id":2672,"href":"https:\/\/www.kauneushoitolamerenneito.fi\/index.php\/wp-json\/wp\/v2\/pages\/1127\/revisions\/2672"}],"up":[{"embeddable":true,"href":"https:\/\/www.kauneushoitolamerenneito.fi\/index.php\/wp-json\/wp\/v2\/pages\/26"}],"wp:attachment":[{"href":"https:\/\/www.kauneushoitolamerenneito.fi\/index.php\/wp-json\/wp\/v2\/media?parent=1127"}],"curies":[{"name":"wp","href":"https:\/\/api.w.org\/{rel}","templated":true}]}}